 k(a) = a - 29. Give k(0).
-29
Let q(l) = l**3 - 7*l**2 + 3*l + 12. Determine q(5).
-23
Let b(g) = -g**2 + 23*g - 16. Give b(22).
6
Let h(u) = 2*u**2 + 22*u + 3. Give h(-13).
55
Let w(b) = b**3 - b + 9. Calculate w(0).
9
Let u(n) = n**2 + 3*n + 1. Give u(-2).
-1
Let h(x) = -x**3 - 6*x**2 + 5*x. Give h(-7).
14
Let o(l) = -2*l + 4. Determine o(-6).
16
Let w(d) = -d + 5. Calculate w(8).
-3
Let j(s) = -s**3 + 4*s**2 + 4*s - 5. Determine j(5).
-10
Let a(n) = n**3 - 43*n**2 + 157*n - 18. Calculate a(39).
21
Let n(m) = -82*m + 409. Determine n(5).
-1
Let c(u) = u**2 - 7*u + 5. What is c(6)?
-1
Let r(a) = a**2 + 6*a - 11. What is r(-5)?
-16
Let m(r) = 3*r**3 + r**2 - 2*r - 2. What is m(-2)?
-18
Let g(t) = t**3 - 7*t**2 + 4*t + 8. Calculate g(7).
36
Let u(t) = 10*t - 4. Determine u(3).
26
Let i(z) = z**3 + z**2 - 4*z - 6. Give i(-4).
-38
Let g(x) = x**3 + 10*x**2 + 11. Give g(-10).
11
Let u(c) = 24*c - 1. Determine u(-3).
-73
Let j(t) = t**2 - 3*t + 18. Give j(5).
28
Let x(j) = 3*j**2 + 15*j + 6. Determine x(-7).
48
Let d(s) = -s**2 + 24*s + 29. Determine d(25).
4
Let r(t) = -2*t**2 - 6*t - 7. What is r(-3)?
-7
Let l(z) = 3*z + 18. What is l(9)?
45
Let r(g) = g**3 + 4*g**2 - 9*g - 7. Determine r(-6).
-25
Let k(n) = -n**3 + 4*n**2 + 9*n - 5. Give k(6).
-23
Let k(f) = f**3 - 12*f**2 + 24*f + 32. Give k(9).
5
Let f(i) = -2*i**2 - 17*i + 1. Determine f(-9).
-8
Let l(o) = 2*o + 4. Determine l(-8).
-12
Let v(j) = -j**2 + j + 49. Give v(7).
7
Let h(c) = 3*c**2 + c. What is h(2)?
14
Let a(j) = -9*j + 77. What is a(10)?
-13
Let c(a) = -a**3 + 9*a**2 + 23*a - 21. What is c(11)?
-10
Let p(s) = -s**3 + 12*s**2 + 16*s + 3. Calculate p(13).
42
Let c(r) = -r**3 + 15*r**2 - 12*r - 29. Give c(13).
153
Let y(h) = -19*h - 4. Give y(-4).
72
Let z(p) = p**3 + 8*p**2 + 8*p - 5. Calculate z(-7).
-12
Let d(y) = y**2 + 3*y + 4. What is d(-3)?
4
Let o(w) = 41*w + 213. Calculate o(-5).
8
Let z(i) = 6*i - 69. Determine z(13).
9
Let d(b) = b**2 + 6*b - 1. Give d(-7).
6
Let n(l) = -l**3 - 2*l**2 - 3*l - 5. Calculate n(-2).
1
Let c(z) = z**3 - 2*z**2 - z + 7. Determine c(5).
77
Let n(h) = h**3 + 6*h**2 + 10*h + 21. What is n(-5)?
-4
Let v(d) = d**3 + 48. Determine v(0).
48
Let h(n) = -n**3 + 5*n**2 + 6*n + 6. What is h(6)?
6
Let p(i) = -i + 6. Give p(-10).
16
Let n(j) = -2*j**3 - 8*j**2 + 3*j - 5. What is n(-4)?
-17
Let k(o) = -6*o**2 - 2*o. Calculate k(-3).
-48
Let n(z) = 127*z + 1519. Determine n(-12).
-5
Let t(b) = b + 9. What is t(4)?
13
Let v(k) = k**3 + 8*k**2 - 8*k + 8. Calculate v(-9).
-1
Let u(l) = -3*l - 2. What is u(-3)?
7
Let o(b) = 5*b**2 - 2*b + 13. Calculate o(0).
13
Let j(m) = m**2 - 6*m + 3. Determine j(4).
-5
Let o(a) = a**3 - 3*a**2 - 3*a - 1. Calculate o(3).
-10
Let r(o) = o**2 - 9*o - 23. Give r(12).
13
Let x(l) = -27*l + 15. What is x(2)?
-39
Let k(q) = -q**2 + 8*q + 21. What is k(10)?
1
Let p(g) = g**2 - 17*g + 21. What is p(6)?
-45
Let d(q) = -q**2 - 10*q + 34. Give d(4).
-22
Let z(b) = b**3 + b + 1. What is z(0)?
1
Let p(a) = -2*a**2 + 64*a + 3. Give p(32).
3
Let d(n) = -n**3 + 10*n**2 + 11*n - 6. What is d(11)?
-6
Let o(b) = b**3 + 5*b**2 - 4*b - 1. Determine o(-6).
-13
Let y(m) = -m**3 + 10*m**2 - 14. Give y(10).
-14
Let d(o) = 44*o - 80. What is d(2)?
8
Let o(l) = 7*l - 28. Determine o(9).
35
Let d(q) = -q**3 + 24*q**2 - 23*q + 10. Give d(23).
10
Let i(q) = q**2 - 7*q - 5. Give i(7).
-5
Let d(j) = -4*j**2 + 6*j - 12. What is d(8)?
-220
Let z(t) = t + 8. Determine z(-5).
3
Let a(f) = 11*f + 66. What is a(-7)?
-11
Let m(d) = -d**2 - 10*d + 19. Determine m(-8).
35
Let x(j) = -17*j - 107. Calculate x(-6).
-5
Let v(m) = -2*m - 13. Determine v(14).
-41
Let u(t) = t**3 + 3*t**2 - 7*t + 5. What is u(5)?
170
Let q(k) = k - 15. Give q(-8).
-23
Let o(s) = 2*s**3 + 36*s**2 + 3*s + 20. What is o(-18)?
-34
Let l(d) = d**2 + 13*d - 35. Give l(-15).
-5
Let z(f) = -21*f**2 - 24*f - 24. Give z(-1).
-21
Let k(f) = f**2 - 10*f - 18. Calculate k(9).
-27
Let q(w) = -w**2 - 6*w + 53. Calculate q(-6).
53
Let y(k) = -2*k**3 - 5*k**2 + 3*k - 1. Determine y(-4).
35
Let q(k) = -k**3 - 7*k**2 + 8*k + 5. Calculate q(-8).
5
Let a(n) = -9*n + 21. Give a(2).
3
Let p(n) = 129*n + 520. Determine p(-4).
4
Let y(b) = 5*b - 182. Determine y(41).
23
Let b(x) = x**3 + 6*x**2 + x - 4. Give b(-5).
16
Let z(i) = 26*i**3 + 2*i - 1. What is z(1)?
27
Let a(t) = -6*t**3 - t**2 - 2*t + 2. Calculate a(1).
-7
Let x(t) = -11*t - 72. Give x(-9).
27
Let t(a) = -2*a**2 + 13*a - 7. Give t(5).
8
Let o(n) = -11*n**3 + 88*n**2 + 2*n - 4. Calculate o(8).
12
Let k(w) = -13*w + 9. Give k(2).
-17
Let u(k) = -k**3 + 16*k**2 + 19*k - 33. Give u(17).
1
Let s(d) = -7*d - 32. What is s(-5)?
3
Let b(s) = 2*s**2 - 4*s + 6. Determine b(3).
12
Let s(z) = z**3 - 2*z**2 - z - 1. Determine s(2).
-3
Let r(t) = -13*t + 229. What is r(18)?
-5
Let c(p) = -5*p - 46. Give c(-11).
9
Let k(j) = j**3 - 9*j**2 - 10*j - 14. Determine k(10).
-14
Let y(m) = -m**2 - 10*m - 9. Determine y(-7).
12
Let v(a) = a**2 - 18*a + 49. What is v(14)?
-7
Let w(d) = d**3 - d**2 - 4. Give w(3).
14
Let i(u) = 6*u**2 + u. What is i(-1)?
5
Let n(g) = 4*g**2 + 13*g + 3. Determine n(-5).
38
Let t(n) = n**3 + 9*n**2 - 5*n + 37. Give t(-10).
-13
Let f(z) = -2*z**3 + 6*z**2 - 3*z + 5. What is f(4)?
-39
Let b(u) = -u - 14. Give b(-7).
-7
Let b(v) = -2*v**2 + 2*v - 10. Give b(5).
-50
Let b(o) = o + 16. Determine b(-5).
11
Let j(c) = -c + 1. Determine j(-11).
12
Let w(m) = 7*m**2 + 21*m + 22. Calculate w(-1).
8
Let z(i) = -4*i - 90. Give z(-17).
-22
Let y(x) = x**2 - x - 7. Determine y(3).
-1
Let k(v) = -3*v**3 - 2*v**2 - 4. Give k(-3).
59
Let w(z) = 3*z**2 + 7*z + 9. Calculate w(-6).
75
Let m(r) = 24*r + 167. Calculate m(-7).
-1
Let k(v) = -v**2 - 17*v + 528. Determine k(-33).
0
Let r(d) = -d**3 + 23*d**2 - 23*d + 26. Give r(22).
4
Let l(c) = c**3 - 11*c**2 - 2*c + 16. Calculate l(11).
-6
Let m(r) = r**3 - 10*r**2 - 5*r - 10. Determine m(10).
-60
Let p(d) = 4*d - 53. Determine p(16).
11
Let y(s) = -14*s**2 - s - 22. What is y(0)?
-22
Let p(j) = -2*j**2 - 91*j - 139. What is p(-44)?
-7
Let z(p) = 62*p + 508. Determine z(-8).
12
Let h(s) = 2*s**2 - 15*s + 3. Give h(7).
-4
Let w(f) = -2*f**3 + 5*f**2 + 5*f - 7. Determine w(4).
-35
Let p(f) = f**3 - 5*f**2 + 3*f + 2. What is p(4)?
-2
Let k(a) = 7*a**3 - a**2 - 2*a + 2. Calculate k(2).
50
Let c(d) = -d**3 - 15*d**2 + 126*d - 17. Determine c(-21).
-17
Let r(q) = -q**3 - 12*q**2 + 16*q - 5. Determine r(-13).
-44
Let u(b) = 7*b + 257. Give u(-36).
5
Let u(y) = 2*y**2 + 6*y + 12. Determine u(-3).
12
Let m(q) = q**2 + 4*q - 3. What is m(-5)?
2
Let r(t) = -2*t + 3. Calculate r(-1).
5
Let j(i) = i**3 - 8*i**2 - 17*i + 29. Calculate j(9).
-43
Let p(w) = -w**3 + 4*w**2 + 6*w. Give p(5).
5
Let g(c) = 3*c**2 - 3*c + 3. Give g(2).
9
Let h(i) = -13*i - 4. Determine h(-2).
22
Let k(b) = b - 24. What is k(27)?
3
Let w(y) = 3*y - 26. What is w(-6)?
-44
Let q(y) = y - 22. What is q(21)?
-1
Let v(q) = -2*q**2 - q + 3. Calculate v(-3).
-12
Let v(n) = -n**2 - n - 7. Calculate v(0).
-7
Let m(w) = -w**2 - 20*w - 5. Calculate m(-5).
70
Let p(d) = d**3 - 7*d**2 - 5*d + 30. Give p(7).
-5
Let a(w) = -w**3 + 4*w**2 - 5*w - 16. What is a(5)?
-66
Let z(l) = l**3 + 8*l**2 + 3*l + 18. Calculate z(-7).
46
Let q(v) = v**2 - 5*v - 65. Calculate q(11).
1
Let f(l) = -6*l**2 - 6*l + 7. What is f(1)?
-5
Let r(p) = 2*p**2 + 5*p - 6. Calculate r(-7).
57
Let m(l) = -l + 8. Determine m(8).
0
Let h(c) = 11*c - 169. Determine h(16).
7
Let r(u) = -u**3 - 3*u**2 + 8*u + 5. Give r(-5).
15
Let o(a) = -34*a + 498. What is o(14)?
22
Let u(k) = -k**3 - 14*k**2 - k - 19. What is u(-14)?
-5
Let h(i) = 37*i**2 - 1. Give h(-1).
36
Let r(a) = -2*a**3 - a**2 + 3*a + 5. Determine r(-2).
11
Let a(c) = c**3 + c**2 + 2*c + 1. Determine a(3).
43
Let h(k) = 16*k + 12. Give h(0).
12
Let d(f) = 2*f**2 - 24*f - 6. Give d(10).
-46
Let a(y) = -y**2 + y - 3. Give a(2).
-5
Let v(m) = m + 2. Calculate v(0).
2
Let q(v) = v**3 - 9*v**2 + 4*v + 7. Give q(7).
-63
Let l(h) = -79*h + 7. What is l(-2)?
165
Let c(i) = -i**2 - 5*i - 5. Give c(5).
-55
Let g(n) = -14*n**2 + 13*n - 3. What is g(1)?
-4
Let c(k) = -k**3 - 2*k**2 - k + 1. Determine c(-2).
3
Let c(m) = 32*m - 739. Give c(23).
-3
Let q(h) = 2*h**2 + 29*h + 81. Determine q(-11).
4
Let n(k) = k**2 + 38*k + 51. What is n(-36)?
-21
Let h(i